at is the greatest common factor of a and 748?
68
Suppose -5*k + 270 - 20 = 0. What is the highest common divisor of 10 and k?
10
Let x be 1*(-1)/1 - -46. Let l(n) = 4*n**2 + 2*n - 1. Let q be l(1). What is the greatest common divisor of x and q?
5
Let f(p) be the third derivative of p**4/8 - 5*p**3/6 - p**2. Let i be f(11). Calculate the greatest common factor of i and 4.
4
Let j be 6/(-9) + 28/6. Suppose -20 = j*y + 52. Let c = -10 - y. Calculate the highest common divisor of c and 24.
8
Let x(c) = c - 6. Let m be x(7). What is the greatest common divisor of m and 9?
1
Let f be 1/(-4) + 887/(-4). Let y = 60 - 90. Let w be f/y - 6/(-10). What is the highest common factor of 24 and w?
8
Let v(f) = f + 8. Let l be v(-10). Let u be -11*(6/3)/l. What is the highest common divisor of 77 and u?
11
Let j be 2/4*(-24)/(-2). Suppose 3*l = j*l - 126. Let v = -85 + 148. What is the greatest common factor of l and v?
21
Suppose 0 = 2*b - 4*b + 18. Calculate the greatest common factor of 9 and b.
9
Let q(d) = d**2 - d + 2. Let u be q(5). Calculate the greatest common divisor of u and 33.
11
Let j(y) = 3*y**2 + 5*y + 3. Let x be j(-4). Let f = x - -17. Calculate the greatest common factor of f and 32.
16
Suppose 5*r - 6 = 14. Let j be (-35)/14*32/(-10). Suppose -4*a + r*i = 6*i - 32, 0 = -4*a + 4*i + j. What is the highest common factor of a and 48?
6
Suppose -3*i + c - 3 = -2, 5*c = 5*i + 5. Suppose -z + 0*z - 3 = i. Let l be ((-112)/(-10))/(z/(-15)). What is the highest common divisor of l and 7?
7
Let f = 78 - -104. Calculate the highest common factor of f and 14.
14
Suppose -5*s + 649 = -3*d, -s + 2*d + 131 = d. Suppose -6 - 26 = -2*m. What is the highest common factor of s and m?
16
Let i be ((-5)/(-2) - 2)*220. Let a(p) = 4*p - 6. Let d be a(4). What is the greatest common factor of i and d?
10
Let r(y) = -2*y**2 + 33*y - 10. Let c be r(16). Let g(s) = 15*s**2. Let w be g(-1). What is the greatest common divisor of w and c?
3
Let i(o) = o**3 + 8*o**2 - 2*o - 11. Suppose 0 = -5*s - 30 - 10. Let f be i(s). Suppose 7*v = 4*v + 105. Calculate the highest common divisor of f and v.
5
Let l = 45 - 27. Calculate the highest common factor of l and 54.
18
Let m be (2 - (-1 + 5)) + 67. What is the greatest common divisor of 26 and m?
13
Let a = -19 + 61. Calculate the highest common divisor of a and 6.
6
Let z be 1 + (-6 - -1)/(6/(-42)). What is the highest common divisor of z and 18?
18
Suppose -4*x = -d - 0*d + 46, 125 = 5*d + x. Suppose 3*i + d = -1. Let w be 3/i - (-61)/3. What is the highest common factor of w and 80?
20
Suppose 0 = -c - 3*r + 39, -r - 2*r - 3 = 0. What is the highest common divisor of c and 63?
21
Let t(b) = b**3 + 4*b**2 - 9*b - 2. Let k be t(-5). Calculate the greatest common divisor of k and 54.
18
Suppose -r + 6 - 4 = 0. Suppose -2 = -4*w + 2*z + r, -21 = -3*w - 3*z. Suppose -w*l + 121 = -74. What is the greatest common divisor of l and 13?
13
Suppose -4*h + 80 = -40. What is the highest common divisor of 12 and h?
6
Suppose 43 + 9 = 4*s + 3*d, 0 = 2*d + 8. Calculate the greatest common factor of 16 and s.
16
Let g(p) = -p**3 - 16*p**2 - 2*p - 15. Let b be g(-17). Calculate the highest common factor of b and 28.
28
Let y = -3 + 8. Suppose -20 + 3 = -x + o, o + 69 = y*x. Let f be 1 + (-1 - 0) + x. Calculate the highest common factor of f and 117.
13
Let q = 46 - 28. Let h be (q/4)/(3/16). What is the greatest common divisor of 16 and h?
8
Suppose -5*l = 5*w, l + 2*w + 6 = 4*w. Let d(f) = f**2 + 3*f + 3. Let g be d(l). What is the greatest common factor of g and 7?
1
Let j be 12590/35 - (-4)/14. Calculate the highest common factor of 40 and j.
40
Suppose -q - j + 13 = -6*j, 0 = -4*q - 2*j + 74. What is the highest common divisor of q and 90?
18
Suppose -3*s - 29 = -4*s + 4*u, -4*s + 80 = 2*u. What is the greatest common factor of s and 35?
7
Let p be 20*-1*(-3)/6. Let m be 2 + 16/2*1. What is the greatest common factor of p and m?
10
Let v(n) = -9*n + 2. Let g(k) = 5*k - 1. Let t(u) = -11*g(u) - 6*v(u). Let x be t(-5). What is the highest common divisor of 32 and x?
4
Let y be (-3)/(-2)*(-9790)/(-33). Let u be (-1)/4 - y/(-20). Calculate the greatest common divisor of 2 and u.
2
Suppose 2*h - 13 = -5. Calculate the highest common factor of 32 and h.
4
Let g(a) = a**2 - 16*a + 9. Let k be g(16). Calculate the greatest common factor of k and 9.
9
Let j = -23 + 35. Suppose 4*l - 28 = j. Suppose -39 = -5*b + 11. Calculate the greatest common factor of l and b.
10
Suppose 10 + 6 = 4*q. Suppose -y = -q*a + 38, -4*a - 3*y + 13 = -17. What is the highest common factor of 3 and a?
3
Let f be ((-63)/12)/((-6)/24). What is the highest common factor of 49 and f?
7
Let x be (8 - (3 + -1))/(1/5). What is the greatest common factor of 10 and x?
10
Let v be (-94)/(-8) - 2/(-8). Calculate the greatest common factor of 8 and v.
4
Let i(m) = -5*m - 10. Let j be i(-9). What is the greatest common factor of j and 7?
7
Let i be (-265)/55 + 5 + (-3384)/(-22). Calculate the greatest common divisor of 14 and i.
14
Let o = 3 + 7. Let q be (1 - (0 + 1)) + 4. Calculate the highest common factor of o and q.
2
Let p(j) = j**2 + 12*j + 17. Suppose 15 = 2*m + 49. Let b = 5 + m. Let a be p(b). Calculate the greatest common divisor of 153 and a.
17
Let p = 121 + -36. Suppose 16 = y + 3*b, -2*y = -5*b - p + 9. Calculate the highest common factor of y and 7.
7
Let b(u) = 40*u + 50. Let k be b(5). What is the highest common divisor of k and 25?
25
Let f(n) = 2*n**2 - 2*n - n**2 - 16 - n. Let x be f(13). Suppose 0 = 5*g + x - 314. What is the greatest common factor of g and 8?
8
Let m(t) = t**2 + 7*t + 3. Let q be m(-8). Suppose 2*r = 3*j + 82, -2*r + 9 + 83 = 2*j. What is the greatest common divisor of r and q?
11
Let z(t) = -5 - 2*t**2 - t**2 - 14*t + 6*t + 2*t**2. Let y be z(-6). What is the highest common divisor of 14 and y?
7
Suppose 5*h + 16 + 14 = -5*b, 5*h - 5*b = 0. Let p be h*-25*(0 - -1). What is the highest common divisor of 15 and p?
15
Let f be 0 + 0 + -1 + -20. Let v = f - -37. What is the highest common factor of 24 and v?
8
Let a be 2/(1 - (-1)/(-2)). Suppose a*m = 2*m + 4. Suppose 2*d - m*h - 128 = -0*h, -4 = -2*h. Calculate the highest common factor of 22 and d.
22
Let w(o) be the third derivative of o**6/40 + o**5/60 - 4*o**2. Let c be w(1). Suppose c*h = 178 - 34. Calculate the greatest common divisor of 24 and h.
12
Let b = 56 - 50. Let x(n) = n**2 + n. Let a be x(-2). Calculate the highest common factor of b and a.
2
Let s = -68 - -87. Calculate the highest common factor of 152 and s.
19
Suppose -44 = -c + 1. Suppose 0*p + 330 = 11*p. Calculate the greatest common divisor of p and c.
15
Suppose -19*j + 714 = -13*j. What is the highest common factor of j and 17?
17
Let m(g) = 2*g**2 + 29*g + 50. Let b be m(-14). Suppose -r + 5*r = -364. Let n be 1/(r/(-90) - 1). What is the greatest common factor of b and n?
18
Suppose 2*g + 8 = 4*a + 32, -2*a = 5*g. Calculate the greatest common divisor of g and 22.
2
Suppose 7 = 4*u - 77. Calculate the highest common factor of 21 and u.
21
Let j be 4 + 0 - (4 + -4). Suppose j*g + 7 = 39. Suppose 2*f - 7 = 41. What is the greatest common divisor of f and g?
8
Suppose d - 28 = -4*q, -12 = -d + q + 3*q. What is the highest common divisor of 50 and d?
10
Suppose -4*l + 7*l - 12 = 0. Let p be (-30)/(-2) + (-8)/l. What is the highest common divisor of p and 143?
13
Let s = 2 - 3. Let c be (2 - s - 3) + 13. What is the highest common divisor of 104 and c?
13
Let g be 3 + -4 + 11 + 2. Calculate the highest common divisor of g and 60.
12
Suppose 5*u + 13 = 3*u - 5*w, 0 = 2*u - 2*w - 22. What is the highest common divisor of u and 18?
6
Suppose q = 2*a + 5*q - 108, q - 137 = -3*a. Suppose -2*z + 102 = 3*h, -3*z = -3*h - 197 + a. Calculate the greatest common divisor of z and 17.
17
Suppose 174*z - 294 = 171*z. What is the highest common factor of 28 and z?
14
Let a be ((-140)/21)/((-3)/27). What is the greatest common divisor of a and 80?
20
Suppose 0 = -4*o - 4, -2*y + 3*o = 5*o - 14. Suppose -24 = 4*k - y*k. Let m = k + -4. What is the greatest common factor of 16 and m?
2
Suppose 3 + 1 = 2*l. Let n(c) = -6*c - 2. Let p be n(-4). What is the highest common divisor of l and p?
2
Suppose -3*o + 156 = -42. Suppose -3*n +